{"id":1444,"date":"2021-11-24T14:10:17","date_gmt":"2021-11-24T12:10:17","guid":{"rendered":"http:\/\/beta.morocafe.de\/?post_type=product&#038;p=1444"},"modified":"2021-12-22T13:21:14","modified_gmt":"2021-12-22T11:21:14","slug":"martine-matin","status":"publish","type":"product","link":"https:\/\/morocafe.de\/?product=martine-matin","title":{"rendered":"Martine Matin &#8211; Cookies"},"content":{"rendered":"","protected":false},"excerpt":{"rendered":"<p>Martine Matin<\/p>\n<p>GENEROUS<\/p>\n<p>Hafergeb\u00e4ck mit Rosinen, glutenfrei, Bio, Display<\/p>\n<p>20 x 30 g<\/p>\n<p>ZUTATEN: glutenfreier Hafer* (Haferflocken*, Hafermehl*)(34%), Rosinen* (21%), nachhaltiges (RSPO) Palm\u00f6l*, Rohrzucker*, Kokospulver*, Tapiokamehl*, Zuckerr\u00fcben Sirup*, Backtriebmittel: Natriumbicarbonat. *Produkte aus biologischem Anbau. K\u00fchl und trocken lagern.<\/p>\n","protected":false},"featured_media":1879,"template":"","meta":{"_acf_changed":false},"product_brand":[],"product_cat":[24],"product_tag":[],"class_list":{"0":"post-1444","1":"product","2":"type-product","3":"status-publish","4":"has-post-thumbnail","6":"product_cat-suesses","8":"first","9":"instock","10":"taxable","11":"shipping-taxable","12":"purchasable","13":"product-type-simple"},"acf":[],"_links":{"self":[{"href":"https:\/\/morocafe.de\/index.php?rest_route=\/wp\/v2\/product\/1444","targetHints":{"allow":["GET"]}}],"collection":[{"href":"https:\/\/morocafe.de\/index.php?rest_route=\/wp\/v2\/product"}],"about":[{"href":"https:\/\/morocafe.de\/index.php?rest_route=\/wp\/v2\/types\/product"}],"wp:featuredmedia":[{"embeddable":true,"href":"https:\/\/morocafe.de\/index.php?rest_route=\/wp\/v2\/media\/1879"}],"wp:attachment":[{"href":"https:\/\/morocafe.de\/index.php?rest_route=%2Fwp%2Fv2%2Fmedia&parent=1444"}],"wp:term":[{"taxonomy":"product_brand","embeddable":true,"href":"https:\/\/morocafe.de\/index.php?rest_route=%2Fwp%2Fv2%2Fproduct_brand&post=1444"},{"taxonomy":"product_cat","embeddable":true,"href":"https:\/\/morocafe.de\/index.php?rest_route=%2Fwp%2Fv2%2Fproduct_cat&post=1444"},{"taxonomy":"product_tag","embeddable":true,"href":"https:\/\/morocafe.de\/index.php?rest_route=%2Fwp%2Fv2%2Fproduct_tag&post=1444"}],"curies":[{"name":"wp","href":"https:\/\/api.w.org\/{rel}","templated":true}]}}